4.
1
Suppose 2*a = 4*a + 142. Let j = -1 - a. Suppose 2*c = -28 + j. Calculate the highest common divisor of c and 3.
3
Suppose -114 = -5*f + 301. Let l = f - 71. Calculate the highest common factor of l and 3.
3
Let c = 29 - 18. Let d = -5 + c. Let u(j) = j + 4. Let x be u(d). What is the greatest common divisor of 40 and x?
10
Let p(k) = 12*k**2 - 3*k + 2. Let t be p(1). Calculate the highest common factor of t and 33.
11
Let d = 125 + -71. Suppose -4*q = 214 - 754. What is the highest common factor of d and q?
27
Let i be (4/(-5))/((-12)/30). Let b(g) = 4*g**3 - 4*g + 4. Let o be b(i). Calculate the greatest common factor of 42 and o.
14
Let t = 67 + -40. Let y = -23 + t. Suppose 0 = z - 2*z + y*p + 156, 3*z + 3*p = 423. What is the highest common divisor of 16 and z?
16
Let g(k) = 279*k**3 - 4*k**2 + 6*k - 2. Let x be g(1). Calculate the highest common divisor of x and 31.
31
Let n(z) = z**3 + 12*z**2 - 2*z + 10. Let u = 35 - 55. Let s = 8 + u. Let h be n(s). Calculate the highest common factor of h and 51.
17
Let h be 1/(-3) - (-208)/48. Let w be 4 - (-24)/(16/h). What is the greatest common divisor of 10 and w?
10
Let m be 1/((-1)/(-5))*(-17 - -66). What is the highest common factor of 196 and m?
49
Let t be ((-7)/(175/30))/((-8)/1100). Calculate the greatest common factor of 30 and t.
15
Let z be (-4 - (-26)/3)*648/28. What is the highest common divisor of z and 36?
36
Suppose 3 + 11 = 2*l. Suppose -d = -2*d. Suppose b + 2*b - 189 = d. What is the greatest common divisor of l and b?
7
Suppose -4*o + 0*a + 54 = 3*a, 5*a - 22 = -o. Suppose 0 = -6*t + 2*t - o, 2*t = -3*i + 3. What is the greatest common divisor of i and 33?
3
Let z be -1*(4 - 7) + 517. Calculate the highest common factor of z and 40.
40
Let h(s) = -s - 8. Let z be h(-4). Let j(r) = 3*r**2 + 6*r + 1. Let c be j(z). Let k = 409 + -234. What is the greatest common divisor of c and k?
25
Suppose -2*b - 2*q + 210 = 0, 4*b - q + 2*q = 429. Suppose 27 - b = -3*h. Calculate the highest common divisor of h and 27.
27
Let s be 398/8 - (-2)/8. Let c = -33 + s. Let a = 45 - c. What is the greatest common factor of 70 and a?
14
Suppose 1 = 25*m - 149. What is the highest common factor of m and 98?
2
Suppose 0 = 5*g + 3*i + 15, -2*g - 5 = -0*g + i. Suppose 8*p = -g*p + 792. Calculate the highest common factor of 22 and p.
11
Let j be (-6)/18 - (-14)/6. Let v be ((-1)/3)/(j/(-66)). Suppose 5*h + 3 = -2*d, 3*d - h - 16 = 2*d. Calculate the greatest common factor of v and d.
11
Suppose -53 = -3*o - 5*q, -3*o + 4*q - 32 = -5*o. What is the greatest common factor of 39 and o?
13
Let l(y) = 5*y - 4. Let o be l(4). Suppose -o = 6*n - 8*n. Let z = -26 - -46. Calculate the greatest common factor of z and n.
4
Let i = -51 - -54. Suppose 4*x + i*t - 7*t = 8, -5*x - t = -4. What is the highest common factor of 5 and x?
1
Let t(q) = q**3 - 8*q**2 - 8*q - 1. Suppose 2*r - 3*y - 24 = -0*r, r + y - 7 = 0. Let x be t(r). What is the highest common divisor of x and 8?
8
Let s(r) = 23*r**3 + r. Let v be s(1). What is the highest common divisor of 66 and v?
6
Suppose -3*s = s. Suppose -m - 2*m + 78 = s. What is the highest common factor of m and 208?
26
Let v = -1087 - -1124. Suppose -7*y = -2*y. Suppose y*j = 4*j - 740. Calculate the greatest common factor of j and v.
37
Let o(p) = 3*p**3 - 5*p**2 + 3*p + 1. Let x be o(4). Let b = -45 + x. Suppose -2*t = -6*t + b. Calculate the greatest common divisor of t and 4.
4
Let z = -155 + 253. Suppose 4*p + 5*o - 2*o = 105, -5*o + 87 = 3*p. Let r = p + -10. Calculate the greatest common factor of z and r.
14
Let w(v) be the first derivative of -v**3/3 + 3*v**2/2 + 4*v - 3. Let t be w(4). Let p = 10 - t. Calculate the highest common divisor of p and 25.
5
Let m(u) = u - 3. Let c be m(4). Let i be 22 - 2 - -3 - c. Suppose -30*h = -25*h - 275. What is the greatest common factor of h and i?
11
Let w = -422 - -432. What is the greatest common factor of w and 10?
10
Let j(c) = 2*c**2 - 4*c - 43. Let v be j(-5). What is the greatest common factor of v and 57?
3
Let c be (4 - 11/3)/((-2)/366). Let b = -55 - c. What is the highest common divisor of b and 18?
6
Suppose -8*n + 20 = -44. What is the highest common divisor of 32 and n?
8
Let h be 39/26*(652/12 + -3). Calculate the greatest common factor of h and 11.
11
Suppose 5*u = w + 53, -2*u - 3*u + 61 = 3*w. Suppose 16*f - 715 = u*f. Calculate the highest common divisor of 13 and f.
13
Let x = -215 - -219. Calculate the highest common divisor of x and 9.
1
Let p be (-8)/(-6)*(-4 + (-20)/(-8)). Let v(m) = -183*m - 3. Let r be v(p). What is the highest common factor of r and 33?
33
Let r(j) = 4*j**3 - 4*j**2 + 3*j - 7. Let y be r(4). Let w = y + -437. Let v = w + 350. Calculate the greatest common factor of 10 and v.
10
Let g(l) = 3*l**2 + 17*l + 15. Let n be g(-6). Let x(a) = a**2 - 21*a + 27. Let h be x(n). What is the greatest common divisor of 3 and h?
3
Suppose -14*u = 3*h - 9*u - 19, 0 = 2*h - 2*u - 2. Calculate the greatest common factor of h and 3.
3
Let u = -1040 - -1136. Suppose 5 + 1 = -3*r, 4*n + 5*r - 38 = 0. What is the greatest common factor of n and u?
12
Suppose 5*u + 5*y - 30 = 0, -4*y + 12 = -5*u + 33. Suppose c - 2*p - 19 = -u, 4*p + 16 = 0. Calculate the greatest common factor of c and 48.
6
Suppose 5*o - 15 = 0, 0 = -3*k - 2*k - 5*o + 4055. Calculate the highest common factor of k and 8.
8
Suppose 5*c + 4*x - 139 - 41 = 0, x = 5*c - 180. Suppose 4*l + 3*b - 21 = 10, -5*l = b - c. Calculate the highest common divisor of 91 and l.
7
Suppose -5*r + 0*u = u - 17, 2*u = 5*r - 11. Suppose r*l + 0*l = 36. Suppose -4*z + l = -20. Calculate the greatest common factor of z and 20.
4
Let q be 3/((-63)/120)*686/(-28). Suppose -5*a - 33 = -313. Calculate the highest common divisor of q and a.
28
Suppose 0 = 2*a - 4*a. Suppose a = 3*r + r - 80. Let m = r - 5. What is the highest common divisor of 60 and m?
15
Let v = -27 - -27. Suppose v = 5*z - 120 - 0. Calculate the greatest common factor of z and 168.
24
Let m(j) = -10 - 54*j - 56*j + 112*j. Let p be m(7). What is the highest common factor of 44 and p?
4
Let p be (0 - 2)*15/(-6). Suppose -160 = -p*c + 185. Let o = c - 25. Calculate the highest common divisor of o and 66.
22
Let j be 232/6 + 10/(-15). Calculate the greatest common factor of 8 and j.
2
Let r(c) = 3*c**2 - 9*c + 6. Let u be r(3). Calculate the greatest common factor of 8 and u.
2
Let f = 18 - 18. Let h be (-4 + (4 - -12))*(1 - f). Calculate the greatest common factor of 6 and h.
6
Let l be 527/31 - (-2 - -3). Let y(u) = u**2 + 2*u. Let c be y(-4). Calculate the greatest common factor of c and l.
8
Let b(s) = 107*s**2 - 17*s - 26. Let k be b(-2). Calculate the highest common divisor of k and 981.
109
Let k = 52 + -29. Suppose 5 - k = -3*v. Let o = 4 - -2. Calculate the highest common divisor of o and v.
6
Let v = -807 + 811. What is the highest common divisor of v and 46?
2
Let z(c) = 2*c + 168. Let f be z(-32). What is the greatest common factor of f and 4?
4
Suppose 5*c = 5*d + 1110, -5*d = 4 + 6. What is the highest common factor of c and 20?
20
Let h be (210/4)/(-15)*296/(-14). Calculate the highest common factor of h and 2.
2
Let l = -95 - -96. Let s(b) = -b. Let v be s(-4). Suppose v*m - 5 = -1. What is the highest common factor of m and l?
1
Let u = 26 + -19. Suppose 4*r + 60 = u*r. Let j(p) = p**3 - 5*p**2 - 4*p - 8. Let t be j(6). Calculate the greatest common divisor of t and r.
4
Let u = 98 - 83. Calculate the greatest common divisor of u and 3.
3
Let a(s) = 2*s**2 - 10*s + 5. Suppose -3*n = -n. Let v(u) = u**2 + u + 7. Let j be v(n). Let d be a(j). What is the greatest common divisor of d and 22?
11
Let n(x) = -x**3 - 3*x**2 + 7*x - 2. Suppose -r = r + 2, -r + 34 = -5*z. Let j be n(z). What is the greatest common factor of j and 58?
29
Let n(p) = p**2 + 8*p + 10. Let h be n(-9). Let y(l) = 2*l**2 - 42*l - 25. Let q be y(22). Calculate the highest common factor of h and q.
19
Let a(p) = p**2 + p - 1. Let y(l) = l**2 + l - 1. Let j(d) = -a(d) - y(d). Let c be j(0). What is the greatest common divisor of 4 and c?
2
Suppose v = 4*u + 80, -2*u - 60 = -2*v + 100. Let g be ((-1152)/v)/((-2)/10). Calculate the highest common divisor of g and 9.
9
Let y = 82 - 152. Let g = 102 + y. What is th